e units digit of u?
1
What is the tens digit of (-7 - -13 - 0) + 751?
5
Suppose -3*t = -5*y + 2*y - 339, -3*t - 2*y + 319 = 0. Let j = t - -104. What is the tens digit of j?
1
Let i be 0 - (-4)/((-4)/(-25)). Let d = -13 + 14. Let t = i + d. What is the tens digit of t?
2
Let t = -33 - -25. What is the tens digit of (-3)/6 + (-876)/t?
0
Let c = 724 + -331. What is the tens digit of c?
9
Let r(o) = -o**3 + 6*o**2 + 8*o - 8. Let a be r(7). Let p(m) = -79*m + 1. What is the units digit of p(a)?
0
Suppose -5*w = 3*g - 1945, 4*g = 3*g. What is the units digit of w?
9
Let a(m) = m**3 + 3*m**2 - 8*m + 18. Let n be a(-5). Suppose -12*c - n*c = -1680. What is the tens digit of c?
8
Suppose 9*k = -0*k + 999. Let l = 48 + k. What is the tens digit of l?
5
Suppose 0*d = 5*d - 3*q - 24, -5*q + 34 = 4*d. Suppose 4*p - 178 = j, 4*j = -d*p + p + 233. What is the tens digit of p?
4
Let g(c) = -c - 20. Let n be g(-16). What is the tens digit of 4/10 + n/((-80)/2092)?
0
Let u(k) = -k**2 - 5*k + 529. What is the units digit of u(0)?
9
Suppose -30*o + 14616 = -9*o. What is the hundreds digit of o?
6
Let f be (-187)/(-4) + (6/8)/3. Suppose f*c - 43*c - 252 = 0. What is the tens digit of c?
6
Suppose -2*h - 138 + 14 = 0. Let a(t) = -6*t**2 - t + 2. Let q be a(2). Let f = q - h. What is the tens digit of f?
3
Let y = 96 - -13. Suppose 15 = -5*l, -c - c - l + y = 0. Suppose 8*g - c = 4*g. What is the units digit of g?
4
Let r = -1 + 0. What is the tens digit of -1 + 62 - (r - -2)?
6
Let p(x) be the second derivative of x**4/12 - 5*x**3/6 - x**2 - 3*x. What is the tens digit of p(-8)?
0
Let z(y) = -y**2 + 14*y + 21. Let g be z(15). Suppose -2*o + g*o - 220 = 0. What is the tens digit of o?
5
Suppose -b - 29 = 5*t, 5*b + 7 + 98 = -5*t. Let u = -7 - b. What is the units digit of u?
2
Let c(p) = 6*p**3 - 5*p**2 - 8*p - 2. Let d(o) = -o**3 + o. Let w(l) = -c(l) - 5*d(l). Let j = -2 - -6. What is the units digit of w(j)?
0
What is the tens digit of (-7552)/192*(-6)/4?
5
Let u = 44 - -65. What is the tens digit of u?
0
Let w(l) = 514*l + 313. What is the thousands digit of w(3)?
1
Let x = -21 - -23. Suppose -5*k = x*q - 200, -5*k - 3*q + 120 = -2*k. Suppose -3*p = -3*m - 30, p - k = -3*p + 3*m. What is the tens digit of p?
1
Suppose 407 = -4*b + 2*t - t, -2*t - 95 = b. Let i = b + 168. What is the tens digit of i?
6
Let o = -1302 - -2320. What is the units digit of o?
8
Let m(t) = -t**2 + t + 6. Let c be m(5). Let z(a) = -11 - 3 + 3 - a. What is the units digit of z(c)?
3
Let x(f) be the second derivative of -f**4/24 + 19*f**3/6 - 7*f**2/2 - 3*f. Let i(p) be the first derivative of x(p). What is the units digit of i(14)?
5
Suppose 4*a - 2*j + j - 109 = 0, -5*j = 3*a - 99. Let b = 69 - a. Suppose m = u - 5*u + b, u = 5. What is the tens digit of m?
2
Let z(m) = 38*m**2 + 19*m + 106. What is the hundreds digit of z(-5)?
9
Suppose 4*x = y - x - 909, -3*y + 2642 = 2*x. What is the units digit of y?
4
Suppose 14*x + 92367 = 41*x. What is the thousands digit of x?
3
Suppose -b + 0*b + 44 = 0. Suppose -2*g + d + 41 = -5, b = 2*g - 2*d. Let f = g - 14. What is the tens digit of f?
1
Let y(r) = 41*r**3 - 3*r**2 + 5*r - 1. Let p(o) = 3*o**2 + o. Let c be p(-1). What is the hundreds digit of y(c)?
3
Suppose -54 = -6*x + 7*x. Let d = 58 + x. What is the units digit of d?
4
Let i be (1/(-4))/(3/(-948)). Let o = -35 + i. What is the tens digit of o?
4
Let j(m) = -2*m - 5 - 6 + 3 + 0. Let w be j(-13). Suppose u - w = 22. What is the units digit of u?
0
Suppose -3*i - 4*r - 324 = -7*i, -i - 2*r = -96. What is the tens digit of i?
8
Suppose 3*f = -96 - 66. Let m = f + 161. What is the hundreds digit of m?
1
Suppose 0 = -j + 5*h + 114, j = 5*j + 5*h - 481. What is the tens digit of j?
1
Let i be (-2)/(-3) + (-16424)/(-24). Let c = -477 + i. What is the hundreds digit of c?
2
Let z = 13 + -13. Suppose z = -a - 2*a + 84. Let i = a + -15. What is the tens digit of i?
1
Let x = 25 - 23. Suppose 3*a = 4*a - 4*b + 6, -a - x*b + 12 = 0. Suppose 0 = -8*h + a*h + 116. What is the tens digit of h?
5
Let l(j) = 3*j - 7 - 2*j + 5*j + 7*j. What is the units digit of l(2)?
9
Let q(f) be the first derivative of -2*f**2 + 7 + 10/3*f**3 - f. What is the tens digit of q(2)?
3
Let q = -8 + 7. Let l be 110/2 + -3 + 6. Let i = q + l. What is the units digit of i?
7
Let b be (-2)/(5/(150/(-4))). Let w be 3*5/(b/4). Suppose 4*s + 152 = w*f - 0, 0 = -f + 5*s + 18. What is the units digit of f?
3
Suppose 0 = 5*l - 3*g - 413, g + 162 = 2*l - g. Suppose -3*s + 8*s - l = 0. What is the tens digit of s?
1
Let t(p) = -p**3 - 3*p**2 - p + 2. Let d be t(-4). What is the units digit of (4 + d)/(3/12)?
4
Let g be 230/30 + 1/3. Let z be (-3)/(-1)*(g - 1). Suppose 2*d - 3*j - 54 = 0, d - 20 - z = 5*j. What is the units digit of d?
1
Let m = 75 - 52. Suppose 0 = 5*a + 2*i - m, -5*i + 10 + 13 = a. Let l = -2 + a. What is the units digit of l?
1
Let g(n) = -9*n - 7. Let a be g(4). Suppose 0 = -5*j - 122 + 22. Let h = j - a. What is the units digit of h?
3
Let a = -1123 + 2387. What is the hundreds digit of a?
2
Suppose -4*q = -131 - 2997. What is the hundreds digit of q?
7
Suppose 0 = 3*d - 5*d + 36. Let v be (-4)/d - 75/27. What is the units digit of (-2 - -3) + 14 - v?
8
Suppose -3*p = -u + 629 - 2647, 2030 = 3*p + 2*u. What is the units digit of p?
4
Let a(c) = -2*c**3 - 22*c**2 - 68*c + 34. What is the hundreds digit of a(-10)?
5
Let d(v) = 2*v**2 - 14*v + 9. Let i be 60/9*6/4. What is the tens digit of d(i)?
6
Let y(o) = -o**2 + 13*o - 8. Let m be y(12). Suppose m*b + 13 + 7 = 0, 2*w + 4*b = -6. Let x(s) = s**2 - 5*s + 2. What is the units digit of x(w)?
6
Let s be 16/20 - (-12)/10. Suppose -3*x - 2*v + 104 = 0, 0 = s*x - 0*x - 4*v - 64. Let f = x + -21. What is the tens digit of f?
1
Let o = 5499 - 3908. What is the hundreds digit of o?
5
Let k be (3 + 6)/(-3)*579/9. Let g = -71 - k. What is the units digit of g?
2
Let u be (-6)/12*20/(-1). Suppose 0*v = -v + 2. What is the units digit of u/(1/(4/v))?
0
Suppose 2*m = 3*m + 4*r - 370, -3*m = -r - 1110. What is the tens digit of m?
7
Suppose 0 = -0*u - 5*u + 2215. What is the hundreds digit of u?
4
Let n be 14/(-42) + 37/3. Suppose 0 = 4*t - t + n. What is the tens digit of -1 + 44 + (t - -1)?
4
What is the hundreds digit of (14/(-3))/((-10)/675)?
3
Let n be 0 + -4*(-3)/4. What is the units digit of (-10)/15*n*-47?
4
Let v(j) = -8*j + 1. Let t(k) = k + 6. Let b be t(-8). Let r be 2 - 5 - 4/b. What is the units digit of v(r)?
9
Let x be 1*7 - (-6 - 12)/(-6). What is the tens digit of 4*((-497)/x)/(-7)?
7
Let s = -665 + 1029. What is the hundreds digit of s?
3
Suppose 7699 + 32341 = 26*u. What is the thousands digit of u?
1
Let u(t) = -35*t + 168. What is the thousands digit of u(-25)?
1
Let z = -80 + 122. What is the units digit of -2*3/(-4)*1876/z?
7
Suppose -2*x - 37 + 61 = 0. Let n = -60 + 107. Let g = n + x. What is the units digit of g?
9
Let y(t) = -9*t + 5. Let u be y(-22). Let v = u + -102. What is the hundreds digit of v?
1
Suppose 96 - 1018 = -2*n. What is the tens digit of n?
6
Let u = -131 - -38. Let i = u - -132. What is the tens digit of i?
3
What is the tens digit of (84/18)/(1*(-2)/(-156))?
6
Suppose -17*r + 147 + 1842 = 0. What is the tens digit of r?
1
Let w be 2/18 - 625/(-45). What is the tens digit of (2 + w/(-5))/((-6)/285)?
3
Let c(b) = -b - 2. Let v be c(-5). Suppose 12 = 4*r + 3*p + v, p = 4*r + 3. Suppose -16 + 6 = 2*i, 2*g - 2*i - 56 = r. What is the tens digit of g?
2
Suppose 2 = 5*l - 3*s - 4, -s + 3 = 0. Suppose 4*d - 28 = -p, 125 = -p + 5*p + l*d. What is the units digit of p/(-6)*(-12)/8?
8
Let s(h) be the third derivative of h**5/30 - h**4/8 + 11*h**3/6 - h**2. Let p be s(4). Let f = p + -22. What is the units digit of f?
9
Let w(y) = 9*y**2 - 3*y - 126. What is the units digit of w(-8)?
4
Let f(k) = -k - 6. Let o(d) = -4*d**3 + 0 + 3*d**3 - 12*d + 14*d**2 - d**2 - 11. Let b be o(12). What is the units digit of f(b)?
5
Suppose -3*z = -s - 1419 - 131, 5*z - s - 2586 = 0. What is the units digit of z?
8
Suppose 0*b + 3 = b. Let p = 4 + -4. Suppose b*a + p*a - 21 = 0. What is the units digit of a?
7
Suppose -2*n + 148 + 528 = 0. What is the units digit of n?
8
Let n(y) = 22*y - 135. What is the tens digit of n(30)?
2
Let j = 1388 + -384. What i